d 2899017?
387
What is the greatest common divisor of 418927483 and 537?
179
What is the greatest common divisor of 194 and 284982799?
97
What is the greatest common factor of 218325 and 1663575?
3075
Calculate the greatest common factor of 30638836 and 488.
244
What is the highest common divisor of 545 and 134840957?
109
What is the greatest common factor of 271227 and 1782?
33
What is the highest common divisor of 825198192 and 39?
39
What is the greatest common divisor of 682 and 620616931?
341
Calculate the greatest common factor of 205 and 101271886.
41
What is the greatest common divisor of 61133 and 4792719?
541
Calculate the highest common factor of 527720 and 6280.
40
What is the greatest common factor of 16644 and 45372?
228
Calculate the greatest common factor of 2744 and 1362476948.
1372
Calculate the highest common divisor of 407 and 482591.
37
Calculate the greatest common divisor of 106258435 and 6570.
365
What is the highest common divisor of 798 and 146510?
14
What is the highest common divisor of 18438 and 6846?
42
What is the highest common factor of 135011841 and 867?
867
Calculate the highest common factor of 14792863 and 134.
67
Calculate the highest common factor of 55783064 and 24.
8
What is the greatest common factor of 10847354 and 2198?
14
Calculate the highest common divisor of 736428 and 1239.
21
Calculate the highest common divisor of 360 and 341118810.
90
What is the highest common divisor of 586 and 1345308?
2
What is the highest common factor of 316 and 10080558?
158
What is the greatest common factor of 11696 and 3195072?
688
Calculate the greatest common factor of 137980015 and 705.
235
What is the greatest common divisor of 485 and 145452955?
485
What is the highest common divisor of 6188 and 626626?
182
What is the greatest common factor of 58 and 25107649?
29
Calculate the highest common factor of 294 and 14392182.
294
Calculate the greatest common divisor of 196 and 6120842.
14
Calculate the greatest common factor of 760326 and 66.
6
What is the highest common divisor of 97198 and 7737806?
4226
Calculate the highest common divisor of 547903190 and 5498.
5498
What is the greatest common divisor of 18549 and 431665?
229
What is the greatest common divisor of 172044 and 1998684?
2124
Calculate the highest common divisor of 25 and 168604285.
5
What is the greatest common divisor of 726564269 and 10383?
3461
Calculate the greatest common divisor of 3593019 and 255519.
267
Calculate the greatest common divisor of 220452420 and 12.
12
Calculate the highest common divisor of 249925806 and 5304.
1326
What is the greatest common factor of 12402480 and 145029?
5001
What is the greatest common factor of 90480 and 4112?
16
Calculate the greatest common divisor of 121872657 and 2157.
2157
Calculate the greatest common divisor of 21224 and 45264728.
3032
Calculate the greatest common factor of 6528 and 91424.
32
Calculate the greatest common factor of 6104777 and 3731.
287
Calculate the greatest common divisor of 6352867 and 781.
71
Calculate the highest common divisor of 27571 and 3149725.
349
Calculate the highest common divisor of 21807665 and 473.
473
What is the highest common factor of 784 and 56317268?
196
What is the highest common factor of 24591 and 100862914?
1171
Calculate the greatest common factor of 223 and 20034097.
223
Calculate the highest common factor of 325128806 and 62.
62
Calculate the highest common divisor of 1914 and 161664792.
174
Calculate the greatest common divisor of 681120 and 24486.
66
Calculate the greatest common factor of 66 and 78232737.
33
What is the highest common divisor of 339451 and 7597?
71
What is the greatest common factor of 913 and 2256272?
83
Calculate the highest common factor of 126 and 27944784.
126
Calculate the greatest common divisor of 12888 and 4458.
6
Calculate the greatest common factor of 115586588 and 52.
52
Calculate the highest common factor of 5045190 and 24510.
1290
What is the highest common divisor of 1330 and 20089118?
266
Calculate the highest common factor of 330358 and 7840.
98
Calculate the highest common factor of 355818 and 255378.
186
What is the highest common divisor of 1595 and 328715?
145
What is the highest common factor of 3925 and 1794510?
785
What is the highest common divisor of 158 and 4332988603?
79
What is the greatest common factor of 175941 and 6149799?
1017
What is the highest common factor of 706339215 and 2385?
2385
What is the greatest common divisor of 4176819 and 79326?
3051
What is the highest common factor of 72 and 71049012?
12
Calculate the greatest common divisor of 1434 and 564929797.
239
Calculate the highest common factor of 56 and 2124038.
14
Calculate the highest common divisor of 4142996 and 1496.
44
What is the greatest common divisor of 1009755 and 1852989?
3543
Calculate the highest common factor of 14742 and 5931954.
1134
Calculate the greatest common divisor of 123882 and 3894.
66
What is the highest common divisor of 41158 and 33977512?
3166
What is the highest common factor of 5698 and 150558661?
407
Calculate the highest common divisor of 2824 and 45344.
8
What is the highest common divisor of 14302858 and 116?
58
Calculate the greatest common factor of 54764290 and 6510.
2170
What is the greatest common factor of 1712492 and 940?
188
Calculate the highest common factor of 1028 and 47340428.
1028
What is the greatest common divisor of 3048480 and 15?
15
What is the highest common factor of 41291 and 21566?
263
What is the greatest common factor of 10 and 332713870?
10
Calculate the highest common divisor of 5 and 87381055.
5
What is the greatest common factor of 1166 and 440033242?
1166
Calculate the highest common divisor of 6132 and 27451844.
28
Calculate the greatest common divisor of 1763 and 655320.
43
What is the greatest common divisor of 14869843 and 8083?
137
Calculate the highest common factor of 15039 and 18149288.
557
Calculate the highest common divisor of 84 and 370086780.
84
Calculate the highest common factor of 14 and 24127369.
7
What is the greatest common factor of 39342 and 1214622?
498
Calculate the greatest common factor of 1467 and 265157968.
163
Calculate the highest common divisor of 1422 and 2598468.
474
What is the greatest common factor of 37197987 and 185?
37
Calculate the greatest common factor of 273480 and 480.
120
What is the highest common factor of 3324 and 16255468?
1108
What is the greatest common divisor of 2008 and 86022218?
502
Calculate the greatest common factor of 21047832 and 1469.
1469
What is the highest common divisor of 15171 and 148987?
389
Calculate the highest common divisor of 4803810 and 30.
30
Calculate the greatest common factor of 6978 and 386.
2
What is the greatest common divisor of 1792 and 92501248?
1792
What is the highest common factor of 139848841 and 1546?
773
Calculate the highest common divisor of 1767 and 40326071.
31
Calculate the greatest common divisor of 310489146 and 738.
738
Calculate the highest common divisor of 197253 and 486.
9
Calculate the highest common factor of 64412298 and 234.
18
Calculate the greatest common factor of 13760 and 77080.
40
Calculate the highest common divisor of 34506 and 6525198.
162
Calculate the greatest common divisor of 2540720 and 5096.
728
Calculate the highest common factor of 988099761 and 33.
33
Calculate the greatest common factor of 631328 and 18281.
181
What is the greatest common divisor of 116011573 and 8157?
2719
What is the highest common factor of 21 and 6855429?
21
What is the greatest common factor of 18491811 and 8619?
507
Calculate the greatest common factor of 768 and 832447488.
768
What is the greatest common divisor of 930 and 77340?
30
What is the greatest common divisor of 1143720 and 18003?
1059
Calculate the highest common divisor of 342 and 7670338.
38
What is the greatest common divisor of 83708991 and 32697?
4671
What is the highest common factor of 223109 and 2115?
47
What is the highest common factor of 310458 and 466218?
354
Calculate the highest common factor of 3344220 and 6336.
396
What is the greatest common factor of 70 and 229151048?
14
Calculate the highest common factor of 852 and 13198752.
12
What is the highest common factor of 6 and 5788206?
6
What is the high